{"id":171,"date":"2025-07-30T10:08:14","date_gmt":"2025-07-30T10:08:14","guid":{"rendered":"https:\/\/kalkreuth2025.de\/?page_id=171"},"modified":"2025-07-30T10:13:51","modified_gmt":"2025-07-30T10:13:51","slug":"staerkste-kalkreuther-3","status":"publish","type":"page","link":"https:\/\/kalkreuth2025.de\/?page_id=171","title":{"rendered":"Parkpl\u00e4tze"},"content":{"rendered":"\t\t<div data-elementor-type=\"wp-page\" data-elementor-id=\"171\" class=\"elementor elementor-171\">\n\t\t\t\t<div class=\"elementor-element elementor-element-f253ce7 e-flex e-con-boxed e-con e-parent\" data-id=\"f253ce7\" data-element_type=\"container\" data-e-type=\"container\">\n\t\t\t\t\t<div class=\"e-con-inner\">\n\t\t<div class=\"elementor-element elementor-element-c6e61da e-con-full e-flex e-con e-child\" data-id=\"c6e61da\" data-element_type=\"container\" data-e-type=\"container\">\n\t\t\t\t<div class=\"elementor-element elementor-element-c236b00 elementor-widget elementor-widget-text-editor\" data-id=\"c236b00\" data-element_type=\"widget\" data-e-type=\"widget\" data-widget_type=\"text-editor.default\">\n\t\t\t\t\t\t\t\t\t<p><strong>Parkpl\u00e4tze um und am Festgel\u00e4nde<\/strong><\/p><p>Bitte bei der Anreise mit dem PKW ausschlie\u00dflich die ausgewiesenen Parkfl\u00e4chen an der Gro\u00dfenhainer Stra\u00dfe nutzen. Parken Sie bitte nicht an Stra\u00dfenr\u00e4ndern oder auf nicht ausgewiesenen Fl\u00e4chen.<\/p><p>Das Parken ist kostenlos. Die Parkfl\u00e4chen sind unbewacht. Beachten Sie bitte, dass rund um das Festgel\u00e4nde Tempo 30 gilt und halten Sie Rettungswege frei. Widerrechtlich abgestellte Fahrzeuge werden kostenpflichtig abgeschleppt.<\/p><p>Das Parken erfolgt auf eigene Gefahr<\/p>\t\t\t\t\t\t\t\t<\/div>\n\t\t\t\t<\/div>\n\t\t\t\t<div class=\"elementor-element elementor-element-1b55467 elementor-widget elementor-widget-image\" data-id=\"1b55467\" data-element_type=\"widget\" data-e-type=\"widget\" data-widget_type=\"image.default\">\n\t\t\t\t\t\t\t\t\t\t\t\t\t\t\t<img fetchpriority=\"high\" decoding=\"async\" width=\"950\" height=\"541\" src=\"https:\/\/kalkreuth2025.de\/wp-content\/uploads\/2025\/07\/parkplaetze-1024x583.jpg\" class=\"attachment-large size-large wp-image-173\" alt=\"\" srcset=\"https:\/\/kalkreuth2025.de\/wp-content\/uploads\/2025\/07\/parkplaetze-1024x583.jpg 1024w, https:\/\/kalkreuth2025.de\/wp-content\/uploads\/2025\/07\/parkplaetze-300x171.jpg 300w, https:\/\/kalkreuth2025.de\/wp-content\/uploads\/2025\/07\/parkplaetze-600x341.jpg 600w, https:\/\/kalkreuth2025.de\/wp-content\/uploads\/2025\/07\/parkplaetze-1200x683.jpg 1200w, https:\/\/kalkreuth2025.de\/wp-content\/uploads\/2025\/07\/parkplaetze.jpg 1383w\" sizes=\"100vw\" \/>\t\t\t\t\t\t\t\t\t\t\t\t\t\t\t<\/div>\n\t\t\t\t\t<\/div>\n\t\t\t\t<\/div>\n\t\t\t\t<\/div>\n\t\t","protected":false},"excerpt":{"rendered":"<p>Parkpl\u00e4tze um und am Festgel\u00e4nde Bitte bei der Anreise mit dem PKW ausschlie\u00dflich die ausgewiesenen Parkfl\u00e4chen an der Gro\u00dfenhainer Stra\u00dfe nutzen. Parken Sie bitte nicht an Stra\u00dfenr\u00e4ndern oder auf nicht ausgewiesenen Fl\u00e4chen. Das Parken ist kostenlos. Die Parkfl\u00e4chen sind unbewacht. Beachten Sie bitte, dass rund um das Festgel\u00e4nde Tempo 30 gilt und halten Sie Rettungswege &hellip; <\/p>\n<p class=\"link-more\"><a href=\"https:\/\/kalkreuth2025.de\/?page_id=171\" class=\"more-link\">Mehr <span class=\"screen-reader-text\">\u00fcber &#8222;Parkpl\u00e4tze&#8220; <\/span>Lesen<\/a><\/p>\n","protected":false},"author":1,"featured_media":172,"parent":0,"menu_order":0,"comment_status":"closed","ping_status":"closed","template":"","meta":{"inspiro_hide_title":false,"footnotes":""},"class_list":["post-171","page","type-page","status-publish","has-post-thumbnail","hentry"],"featured_media_urls":{"thumbnail":["https:\/\/kalkreuth2025.de\/wp-content\/uploads\/2025\/07\/DSC_3376_sm-150x150.jpg",150,150,true],"medium":["https:\/\/kalkreuth2025.de\/wp-content\/uploads\/2025\/07\/DSC_3376_sm-300x199.jpg",300,199,true],"medium_large":["https:\/\/kalkreuth2025.de\/wp-content\/uploads\/2025\/07\/DSC_3376_sm.jpg",768,511,false],"large":["https:\/\/kalkreuth2025.de\/wp-content\/uploads\/2025\/07\/DSC_3376_sm-1024x681.jpg",950,632,true],"1536x1536":["https:\/\/kalkreuth2025.de\/wp-content\/uploads\/2025\/07\/DSC_3376_sm.jpg",1280,851,false],"2048x2048":["https:\/\/kalkreuth2025.de\/wp-content\/uploads\/2025\/07\/DSC_3376_sm.jpg",1280,851,false],"inspiro-featured-image":["https:\/\/kalkreuth2025.de\/wp-content\/uploads\/2025\/07\/DSC_3376_sm.jpg",1280,851,false],"inspiro-loop":["https:\/\/kalkreuth2025.de\/wp-content\/uploads\/2025\/07\/DSC_3376_sm-950x320.jpg",950,320,true],"inspiro-loop@2x":["https:\/\/kalkreuth2025.de\/wp-content\/uploads\/2025\/07\/DSC_3376_sm-1280x640.jpg",1280,640,true],"portfolio_item-thumbnail":["https:\/\/kalkreuth2025.de\/wp-content\/uploads\/2025\/07\/DSC_3376_sm-600x400.jpg",600,400,true],"portfolio_item-thumbnail@2x":["https:\/\/kalkreuth2025.de\/wp-content\/uploads\/2025\/07\/DSC_3376_sm-1200x800.jpg",1200,800,true],"portfolio_item-masonry":["https:\/\/kalkreuth2025.de\/wp-content\/uploads\/2025\/07\/DSC_3376_sm-600x399.jpg",600,399,true],"portfolio_item-masonry@2x":["https:\/\/kalkreuth2025.de\/wp-content\/uploads\/2025\/07\/DSC_3376_sm-1200x798.jpg",1200,798,true],"portfolio_item-thumbnail_cinema":["https:\/\/kalkreuth2025.de\/wp-content\/uploads\/2025\/07\/DSC_3376_sm-800x335.jpg",800,335,true],"portfolio_item-thumbnail_portrait":["https:\/\/kalkreuth2025.de\/wp-content\/uploads\/2025\/07\/DSC_3376_sm-600x851.jpg",600,851,true],"portfolio_item-thumbnail_portrait@2x":["https:\/\/kalkreuth2025.de\/wp-content\/uploads\/2025\/07\/DSC_3376_sm-1200x851.jpg",1200,851,true],"portfolio_item-thumbnail_square":["https:\/\/kalkreuth2025.de\/wp-content\/uploads\/2025\/07\/DSC_3376_sm-800x800.jpg",800,800,true]},"_links":{"self":[{"href":"https:\/\/kalkreuth2025.de\/index.php?rest_route=\/wp\/v2\/pages\/171","targetHints":{"allow":["GET"]}}],"collection":[{"href":"https:\/\/kalkreuth2025.de\/index.php?rest_route=\/wp\/v2\/pages"}],"about":[{"href":"https:\/\/kalkreuth2025.de\/index.php?rest_route=\/wp\/v2\/types\/page"}],"author":[{"embeddable":true,"href":"https:\/\/kalkreuth2025.de\/index.php?rest_route=\/wp\/v2\/users\/1"}],"replies":[{"embeddable":true,"href":"https:\/\/kalkreuth2025.de\/index.php?rest_route=%2Fwp%2Fv2%2Fcomments&post=171"}],"version-history":[{"count":9,"href":"https:\/\/kalkreuth2025.de\/index.php?rest_route=\/wp\/v2\/pages\/171\/revisions"}],"predecessor-version":[{"id":183,"href":"https:\/\/kalkreuth2025.de\/index.php?rest_route=\/wp\/v2\/pages\/171\/revisions\/183"}],"wp:featuredmedia":[{"embeddable":true,"href":"https:\/\/kalkreuth2025.de\/index.php?rest_route=\/wp\/v2\/media\/172"}],"wp:attachment":[{"href":"https:\/\/kalkreuth2025.de\/index.php?rest_route=%2Fwp%2Fv2%2Fmedia&parent=171"}],"curies":[{"name":"wp","href":"https:\/\/api.w.org\/{rel}","templated":true}]}}